*y = -2*p + 8. Let n be ((-18)/(-3))/(3/p). Suppose 0 = -2*z + 8, 4*v - 3*v + n*z - 90 = 0. What is the tens digit of v?
7
Let n be (-4)/(-5) - 1260/(-175). Let z(k) = -7 + 4 - 3*k - 8 + 2*k**2. What is the tens digit of z(n)?
9
Let b(f) = f**2 + 30*f - 37. Let g be b(-32). Suppose 4*p + 5451 = g*p. What is the units digit of p?
7
Suppose 3*c - f - 44 = 0, -3*f - 24 = 2*c - 68. Suppose 12*m = -c*m + 12628. What is the units digit of m?
1
Suppose 32*a - 35 = 27*a. Suppose -20 = 5*d, a*d = -2*f + 2*d + 2766. What is the units digit of f?
3
Let s = 1484 - -2007. What is the units digit of s?
1
Let s be -20*(45/27)/(8/(-138)). Suppose -1198 = -3*z + 5*m, -2*z + s = -2*m - 217. What is the tens digit of z?
9
Let t = 95943 + -61494. What is the ten thousands digit of t?
3
Suppose -o + 5*z + 627 = 0, -2493 = -4*o + 24*z - 19*z. Suppose -3*j - o = -4*j. What is the units digit of j?
2
Suppose 0 = -4*z - 55 - 29. Let j = z + 18. Let v(g) = -11*g + 6. What is the tens digit of v(j)?
3
Suppose 0 = -38*p + 31*p + 5544. Let h = 1478 - p. What is the units digit of h?
6
Suppose 4*p - 87 - 113 = 0. Let k = 437 + p. Suppose 6*h - k + 85 = 0. What is the units digit of h?
7
Let v(w) = -50*w + 4*w**2 + w**3 - 47*w + 4 + 133*w - 48*w. What is the units digit of v(5)?
9
What is the units digit of (-2)/32 - 9453507/(-304)?
7
Suppose -74*o = 52*o + 28*o - 1990296. What is the hundreds digit of o?
9
Let p(c) = 32*c - 9. Let w be 15/(-12) - (-84)/16. Let l be p(w). Suppose 4*m = -4*a + 484, -a - 5*m + l = -2*m. What is the units digit of a?
2
Let b = -22 + 18. Let y be 3 + -2 + -2 - -84. Let h = y - b. What is the units digit of h?
7
Let s(y) = 4*y**3 + 5*y**2 - 48*y - 67. What is the tens digit of s(13)?
4
Let f = -21 + -1338. Let m = f - -1942. What is the tens digit of m?
8
Suppose n = 5*y + 942, 3*n + 4*y = y + 2808. Suppose -m + n = m + 3*q, 0 = -m + 2*q + 465. Suppose -m = -4*k - 87. What is the tens digit of k?
9
Suppose 87*c + 120 = 81*c. What is the hundreds digit of (-1)/(-5)*2234 - 4/c?
4
Let z(i) = -i**3 + 28*i**2 - 27*i + 2. Let o be z(27). What is the units digit of 168 - (o - (-24)/(-9))*6?
2
Let g = 6232 + 7197. What is the tens digit of g?
2
Let j = 31 - 192. Let r = j + 284. Let z = 270 - r. What is the hundreds digit of z?
1
Let s(n) = -238*n - 14. Let a(v) = -615*v - 15. Let p(r) = 154*r + 4. Let c(i) = 5*a(i) + 21*p(i). Let b(m) = -8*c(m) - 5*s(m). What is the tens digit of b(-1)?
8
Let a(x) = 83*x**2 - 33*x - 785. What is the thousands digit of a(-19)?
9
Let v = 29770 - -2535. What is the tens digit of v?
0
Let q(n) = n**2 + 10*n + 16. Let r = 13 + -19. Let p(s) = 6*s + 21. Let j be p(r). What is the units digit of q(j)?
1
Suppose 52*k - 50*k = 4*t + 72860, 3*k - 2*t = 109298. What is the ten thousands digit of k?
3
Let s be 3/8 + 222/48. Let h(a) = a**2 - 8*a + 20. Let t be h(s). What is the tens digit of (-30)/50 - (-93)/t?
1
What is the thousands digit of ((-572)/260)/((10/45425)/(-2))?
9
Suppose -34*t + 327848 = 50918. What is the thousands digit of t?
8
Suppose -9*h = -4*o - 10*h + 4205, 4180 = 4*o - 4*h. Suppose 7*r + o = 7420. What is the tens digit of r?
1
Suppose 79*x - 1134736 = 953471. What is the hundreds digit of x?
4
Let x(v) = -6 - 19 - v - 36*v - 5*v. Let t be x(-6). Suppose -3*n = -4*l - 194, 2*n + 2*n - t = -l. What is the units digit of n?
8
Suppose 0 = -14*g + 231 + 2387. Let n = 409 - g. What is the units digit of n?
2
Let r be (-5)/(-40)*34*12. Suppose -r*k - 30 = -56*k. Suppose k*a = -a + 238. What is the units digit of a?
4
Suppose 5 = -5*i + 6*i. Let j(r) = -2*r + 9. Let w be j(3). Suppose -78 = -i*m - w*l, -4*l + 31 = 2*m - 3*l. What is the units digit of m?
5
Let p(i) = -i**3 - 4*i**2 - 3*i - 12. Let g be p(-4). Suppose 2*w + 20 - 56 = g. Suppose 0 = -5*h + 3*h + w. What is the units digit of h?
9
Let s(t) = -t**3 - 18*t**2 - 4*t - 10. Let j be s(-18). Let k(m) = -m**3 - 47*m + j*m + 40 - 2*m**2 - 13*m**2. What is the tens digit of k(-16)?
5
Let c = -430 - -441. What is the units digit of -1 + (c - 10) + (611 - 0)?
1
Let p = 31 - 31. Suppose n + 2*n + 373 = -4*w, p = 4*n + 3*w + 488. Let i = -30 - n. What is the tens digit of i?
8
Let j = -39 - -42. Let k(l) = 7 - l - 1 + j. What is the tens digit of k(-21)?
3
Suppose -5 = -4*r - 17. Let w(p) = -116*p + 67. What is the tens digit of w(r)?
1
Let i(x) = 184*x**2 - 7*x + 8. Let t be i(1). Suppose -1421 = -2*m - t. What is the hundreds digit of m?
6
Suppose -223 - 519 = -7*d. Let q = 335 - d. What is the hundreds digit of q?
2
Suppose -k = 5*x - 25828, 4*k + 3*x + 2118 = 105362. What is the tens digit of k?
0
Let c = -46 - -49. Suppose -186 = -2*h - 4*v + 270, 0 = -3*h + c*v + 720. What is the hundreds digit of h?
2
Suppose -o - 91 + 95 = 0. Suppose o*i - 2 = 6*i, 99 = w - i. What is the tens digit of w?
9
Let w be (-88)/72 + (-4)/(-18). What is the units digit of w/3 + 19750/75?
3
Suppose 24*a - 6 = 22*a. Let p be -1*(9/a)/6*6. What is the tens digit of (-407)/p - (-2)/6?
3
Let a(s) = s**2 - 3*s - 14. Let c be a(6). Suppose -c*f = l - 1439, -f - 2*l + 7*l = -386. What is the units digit of f?
1
Let j = 98 - 96. What is the hundreds digit of 6876/64*j + 7/56?
2
Suppose -1636 = -4*y - 2*h, 92*y = 93*y - 2*h - 404. Let v = 1037 - y. What is the hundreds digit of v?
6
Let o be 295*(0 - -2)/2. Suppose 1427 = -16*y - 1741. Let t = o + y. What is the tens digit of t?
9
Let y(x) = -2*x + 19. Suppose 18 = 2*k - h + 4*h, 0 = 4*k - h - 22. Let n be y(k). Suppose -947 - 425 = -n*i. What is the hundreds digit of i?
1
Let d be -2*((1 - 6) + 4). Suppose -d*u + 359 = 3*x, u + 3*x = -2*u + 534. Suppose -4*k + 8 = -t - u, -k = 5*t - 51. What is the tens digit of k?
4
Suppose -12*m + 41*m - 11647 = 5115. What is the tens digit of m?
7
Suppose -14*x + 13*x + 10138 = u, 4*x + 30456 = 3*u. What is the hundreds digit of u?
1
Suppose -3*l + a = -13606, -68*a = 3*l - 72*a - 13591. What is the thousands digit of l?
4
Let h = -78 + 86. Let u(y) = y**3 - 9*y**2 + 12*y - 15. Let l be u(h). What is the units digit of 70 + l + (-2 - -3)?
8
Let g(z) = -51*z**2 + 715*z + 10. What is the hundreds digit of g(8)?
4
Let j(z) = 2*z**3 - 15*z**2 + 4*z + 19. Let u = 173 + -163. What is the tens digit of j(u)?
5
Suppose 14*t = -28*t - 2066 + 177374. What is the hundreds digit of t?
1
Suppose 5*j - q = 62430 - 1376, -j + 12218 = q. What is the tens digit of j?
1
Suppose 0*y = 6*y. Suppose -5*i + 177 = -2*n, -2*n + 3*i = -y*n + 167. Let m = 3 - n. What is the units digit of m?
9
Suppose 12 + 8 = 4*t. Suppose -4*n + 3*n + 15 = 4*b, 0 = -5*b + 5*n + 25. Suppose 0 = 2*d - t*m - 136, -2*d + 120 = b*m - m. What is the units digit of d?
3
Suppose 0 = 8*a + 13*a - 420. What is the tens digit of (5 + 3850/a)/((-1)/(-2))?
9
What is the units digit of 22096/4 - ((-8)/(-4) - -6 - 2)?
8
Suppose -13*f - 433 = -30. Let t(p) = -5*p + 25. Let q(i) = -6*i + 25. Let x(v) = -2*q(v) + 3*t(v). What is the units digit of x(f)?
8
What is the thousands digit of ((-18)/(-45) + (4/40 - 1))*-21254?
0
Let f be (-6)/((-3 + 1)/(1 - -208)). Let h = -326 + f. What is the units digit of h?
1
Let f(d) = -3*d**2 + 35*d - 14. Let g be f(11). Suppose -g*b + 1073 = -279. What is the units digit of b?
9
Let v be ((-3399)/(-55))/((1 + -2)/(-5)). Suppose -6*d - 232 = 4*t - 2*d, -2*d - 177 = 3*t. Let m = v + t. What is the units digit of m?
8
Let b = 20217 - 10582. What is the hundreds digit of b?
6
Suppose 4144 = -5*n + 754. Let k = -1068 - n. What is the units digit of ((-24)/(-10))/((-12)/k)?
8
Suppose 4 = 4*t + 88. Let z be t/(-24)*6 + 5/(-20). Suppose -z*x = 3*l - 491, -2*x - l + 297 = x. What is the units digit of x?
0
Let d(l) = 3*l**2 + 11*l - 1. Let v be d(24). Let i = v - 1233. What is the tens digit of i?
5
Let x be (-4)/6 + (-35)/(-21). Let s be 22*(x/((-6)/(-9)) + 1). Suppose i = -0*i + s. What is the units digit of i?
5
Suppose -29*x + 759520 + 24745 = -227226. What is the units digit of x?
9
Let g(d) = 2761*d**2 + 3*d - 2. Let v be g(1). What is the tens digit of (-4)/10 + v/5?
5
Let b = 597 - 600. What is the hundreds digit of 2 - b*(268 + 9)?
8
Suppose -4*z + 24467 = 3*g, 5*g + 14749 - 45329 = -5*z. What is the thousands digit of z?
6
Let k(w) = -w**2 - 19*w + 44. Let s(b) = 2*b**2 - 4*b - 11. Let x be s(6). Suppose -q - 79 = 3*n - 2